{"id":26,"date":"2021-06-04T16:20:14","date_gmt":"2021-06-04T20:20:14","guid":{"rendered":"https:\/\/projets.ex-situ.info\/rivieresimaginaires\/?page_id=26"},"modified":"2021-06-14T18:53:15","modified_gmt":"2021-06-14T22:53:15","slug":"a-propos","status":"publish","type":"page","link":"https:\/\/projets.ex-situ.info\/rivieresimaginaires\/a-propos\/","title":{"rendered":"\u00c0 propos des Rivi\u00e8res imaginaires"},"content":{"rendered":"\n<p>Men\u00e9 de 2019 \u00e0 2021, le projet sur les Rivi\u00e8res imaginaires est un projet de fouille d&rsquo;archives et de soutien \u00e0 la cr\u00e9ation qui s&rsquo;int\u00e9resse \u00e0 la place des rivi\u00e8res de la r\u00e9gion de Qu\u00e9bec dans la vie et l&rsquo;imaginaire de sa population. Il \u00e9tait plac\u00e9 sous la direction de Ren\u00e9 Audet et de Jonathan Livernois, de l&rsquo;Universit\u00e9 Laval ; il a pu compter sur le travail rigoureux autant qu&rsquo;inspir\u00e9 d&rsquo;Alicia Chabot et de Chlo\u00e9 Pouliot. <\/p>\n\n\n\n<div class=\"wp-block-image is-style-default\"><figure class=\"alignleft size-large\"><img loading=\"lazy\" decoding=\"async\" width=\"448\" height=\"477\" src=\"https:\/\/projets.ex-situ.info\/rivieresimaginaires\/wp-content\/uploads\/sites\/3\/2021\/06\/riv.jpg\" alt=\"\" class=\"wp-image-76\" srcset=\"https:\/\/projets.ex-situ.info\/rivieresimaginaires\/wp-content\/uploads\/sites\/3\/2021\/06\/riv.jpg 448w, https:\/\/projets.ex-situ.info\/rivieresimaginaires\/wp-content\/uploads\/sites\/3\/2021\/06\/riv-282x300.jpg 282w\" sizes=\"auto, (max-width: 448px) 100vw, 448px\" \/><\/figure><\/div>\n\n\n\n<div class=\"wp-block-image is-style-default\"><figure class=\"alignright size-large is-resized\"><img loading=\"lazy\" decoding=\"async\" src=\"https:\/\/projets.ex-situ.info\/rivieresimaginaires\/wp-content\/uploads\/sites\/3\/2021\/06\/Capture-de\u0301cran-le-2021-06-10-a\u0300-14.41.49.png\" alt=\"\" class=\"wp-image-78\" width=\"600\" height=\"400\" srcset=\"https:\/\/projets.ex-situ.info\/rivieresimaginaires\/wp-content\/uploads\/sites\/3\/2021\/06\/Capture-de\u0301cran-le-2021-06-10-a\u0300-14.41.49.png 800w, https:\/\/projets.ex-situ.info\/rivieresimaginaires\/wp-content\/uploads\/sites\/3\/2021\/06\/Capture-de\u0301cran-le-2021-06-10-a\u0300-14.41.49-300x200.png 300w, https:\/\/projets.ex-situ.info\/rivieresimaginaires\/wp-content\/uploads\/sites\/3\/2021\/06\/Capture-de\u0301cran-le-2021-06-10-a\u0300-14.41.49-768x512.png 768w\" sizes=\"auto, (max-width: 600px) 100vw, 600px\" \/><\/figure><\/div>\n\n\n\n<p>&nbsp;<\/p>\n\n\n\n<p>&nbsp;<\/p>\n\n\n\n<p>&nbsp;<\/p>\n\n\n\n<p>&nbsp;<\/p>\n\n\n\n<p>&nbsp;<\/p>\n\n\n\n<p>&nbsp;<\/p>\n\n\n\n<p>&nbsp;<\/p>\n\n\n\n<p>&nbsp;<\/p>\n\n\n\n<p>&nbsp;<\/p>\n","protected":false},"excerpt":{"rendered":"<p>Men\u00e9 de 2019 \u00e0 2021, le projet sur les Rivi\u00e8res imaginaires est un projet de fouille d&rsquo;archives et de soutien \u00e0 la cr\u00e9ation qui s&rsquo;int\u00e9resse \u00e0 la place des rivi\u00e8res de la r\u00e9gion de Qu\u00e9bec dans la vie et l&rsquo;imaginaire de sa population. Il \u00e9tait plac\u00e9 sous la direction de Ren\u00e9 Audet et de Jonathan &#8230; <a title=\"\u00c0 propos des Rivi\u00e8res imaginaires\" class=\"read-more\" href=\"https:\/\/projets.ex-situ.info\/rivieresimaginaires\/a-propos\/\" aria-label=\"En savoir plus sur \u00c0 propos des Rivi\u00e8res imaginaires\">Lire la suite<\/a><\/p>\n","protected":false},"author":2,"featured_media":0,"parent":0,"menu_order":0,"comment_status":"closed","ping_status":"closed","template":"","meta":{"footnotes":""},"class_list":["post-26","page","type-page","status-publish"],"_links":{"self":[{"href":"https:\/\/projets.ex-situ.info\/rivieresimaginaires\/wp-json\/wp\/v2\/pages\/26","targetHints":{"allow":["GET"]}}],"collection":[{"href":"https:\/\/projets.ex-situ.info\/rivieresimaginaires\/wp-json\/wp\/v2\/pages"}],"about":[{"href":"https:\/\/projets.ex-situ.info\/rivieresimaginaires\/wp-json\/wp\/v2\/types\/page"}],"author":[{"embeddable":true,"href":"https:\/\/projets.ex-situ.info\/rivieresimaginaires\/wp-json\/wp\/v2\/users\/2"}],"replies":[{"embeddable":true,"href":"https:\/\/projets.ex-situ.info\/rivieresimaginaires\/wp-json\/wp\/v2\/comments?post=26"}],"version-history":[{"count":5,"href":"https:\/\/projets.ex-situ.info\/rivieresimaginaires\/wp-json\/wp\/v2\/pages\/26\/revisions"}],"predecessor-version":[{"id":98,"href":"https:\/\/projets.ex-situ.info\/rivieresimaginaires\/wp-json\/wp\/v2\/pages\/26\/revisions\/98"}],"wp:attachment":[{"href":"https:\/\/projets.ex-situ.info\/rivieresimaginaires\/wp-json\/wp\/v2\/media?parent=26"}],"curies":[{"name":"wp","href":"https:\/\/api.w.org\/{rel}","templated":true}]}}