{"id":375,"date":"2020-09-09T17:41:58","date_gmt":"2020-09-09T21:41:58","guid":{"rendered":"https:\/\/projets.ex-situ.info\/fabrique20\/?page_id=375"},"modified":"2020-09-20T20:14:03","modified_gmt":"2020-09-21T00:14:03","slug":"t3-video-ep","status":"publish","type":"page","link":"https:\/\/projets.ex-situ.info\/fabrique20\/theme-3\/t3-video-ep\/","title":{"rendered":"Vid\u00e9o 3 \u2013 \u00c9milie Paquin, l&rsquo;\u00e9dition savante et le libre acc\u00e8s"},"content":{"rendered":"\n<p>\u00c9milie Paquin est directrice recherche et d\u00e9veloppement strat\u00e9gique au <a href=\"https:\/\/www.erudit.org\/fr\/\">Consortium \u00c9rudit<\/a>.<\/p>\n\n\n\n<figure class=\"wp-block-video\"><video controls src=\"https:\/\/projets.ex-situ.info\/fabrique20\/wp-content\/uploads\/sites\/2\/2020\/08\/T3-\u00c9P.mp4\"><\/video><\/figure>\n","protected":false},"excerpt":{"rendered":"<p>\u00c9milie Paquin est directrice recherche et d\u00e9veloppement strat\u00e9gique au Consortium \u00c9rudit.<\/p>\n","protected":false},"author":2,"featured_media":0,"parent":219,"menu_order":3,"comment_status":"closed","ping_status":"closed","template":"","meta":{"footnotes":""},"class_list":["post-375","page","type-page","status-publish"],"_links":{"self":[{"href":"https:\/\/projets.ex-situ.info\/fabrique20\/wp-json\/wp\/v2\/pages\/375","targetHints":{"allow":["GET"]}}],"collection":[{"href":"https:\/\/projets.ex-situ.info\/fabrique20\/wp-json\/wp\/v2\/pages"}],"about":[{"href":"https:\/\/projets.ex-situ.info\/fabrique20\/wp-json\/wp\/v2\/types\/page"}],"author":[{"embeddable":true,"href":"https:\/\/projets.ex-situ.info\/fabrique20\/wp-json\/wp\/v2\/users\/2"}],"replies":[{"embeddable":true,"href":"https:\/\/projets.ex-situ.info\/fabrique20\/wp-json\/wp\/v2\/comments?post=375"}],"version-history":[{"count":2,"href":"https:\/\/projets.ex-situ.info\/fabrique20\/wp-json\/wp\/v2\/pages\/375\/revisions"}],"predecessor-version":[{"id":390,"href":"https:\/\/projets.ex-situ.info\/fabrique20\/wp-json\/wp\/v2\/pages\/375\/revisions\/390"}],"up":[{"embeddable":true,"href":"https:\/\/projets.ex-situ.info\/fabrique20\/wp-json\/wp\/v2\/pages\/219"}],"wp:attachment":[{"href":"https:\/\/projets.ex-situ.info\/fabrique20\/wp-json\/wp\/v2\/media?parent=375"}],"curies":[{"name":"wp","href":"https:\/\/api.w.org\/{rel}","templated":true}]}}