{"id":344,"date":"2020-08-28T15:26:24","date_gmt":"2020-08-28T19:26:24","guid":{"rendered":"https:\/\/projets.ex-situ.info\/fabrique20\/?page_id=344"},"modified":"2021-07-29T11:42:50","modified_gmt":"2021-07-29T15:42:50","slug":"t3-video-cgl","status":"publish","type":"page","link":"https:\/\/projets.ex-situ.info\/fabrique20\/theme-3\/t3-video-cgl\/","title":{"rendered":"Vid\u00e9o 1 \u2013 Catherine Gosselin-Lavoie, sur le projet \u00c9LODIL"},"content":{"rendered":"\n<p>Entretien vid\u00e9o avec Catherine Gosselin-Lavoie sur le projet <a href=\"http:\/\/elodil.umontreal.ca\" target=\"_blank\" rel=\"noreferrer noopener\">\u00c9lodil<\/a> (Universit\u00e9 de Montr\u00e9al).<\/p>\n\n\n\n<figure class=\"wp-block-video\"><video controls src=\"https:\/\/projets.ex-situ.info\/fabrique20\/wp-content\/uploads\/sites\/2\/2020\/08\/T3-CGL.mp4\"><\/video><\/figure>\n","protected":false},"excerpt":{"rendered":"<p>Entretien vid\u00e9o avec Catherine Gosselin-Lavoie sur le projet \u00c9lodil (Universit\u00e9 de Montr\u00e9al).<\/p>\n","protected":false},"author":2,"featured_media":0,"parent":219,"menu_order":1,"comment_status":"closed","ping_status":"closed","template":"","meta":{"footnotes":""},"class_list":["post-344","page","type-page","status-publish"],"_links":{"self":[{"href":"https:\/\/projets.ex-situ.info\/fabrique20\/wp-json\/wp\/v2\/pages\/344","targetHints":{"allow":["GET"]}}],"collection":[{"href":"https:\/\/projets.ex-situ.info\/fabrique20\/wp-json\/wp\/v2\/pages"}],"about":[{"href":"https:\/\/projets.ex-situ.info\/fabrique20\/wp-json\/wp\/v2\/types\/page"}],"author":[{"embeddable":true,"href":"https:\/\/projets.ex-situ.info\/fabrique20\/wp-json\/wp\/v2\/users\/2"}],"replies":[{"embeddable":true,"href":"https:\/\/projets.ex-situ.info\/fabrique20\/wp-json\/wp\/v2\/comments?post=344"}],"version-history":[{"count":3,"href":"https:\/\/projets.ex-situ.info\/fabrique20\/wp-json\/wp\/v2\/pages\/344\/revisions"}],"predecessor-version":[{"id":411,"href":"https:\/\/projets.ex-situ.info\/fabrique20\/wp-json\/wp\/v2\/pages\/344\/revisions\/411"}],"up":[{"embeddable":true,"href":"https:\/\/projets.ex-situ.info\/fabrique20\/wp-json\/wp\/v2\/pages\/219"}],"wp:attachment":[{"href":"https:\/\/projets.ex-situ.info\/fabrique20\/wp-json\/wp\/v2\/media?parent=344"}],"curies":[{"name":"wp","href":"https:\/\/api.w.org\/{rel}","templated":true}]}}

Vidéo 1 – Catherine Gosselin-Lavoie, sur le projet ÉLODIL

<p>Entretien vidéo avec Catherine Gosselin-Lavoie sur le projet <a href="http://elodil.umontreal.ca" target="_blank" rel="noreferrer noopener">Élodil</a> (Université de Montréal).</p>



<figure class="wp-block-video"><video controls src="https://projets.ex-situ.info/fabrique20/wp-content/uploads/sites/2/2020/08/T3-CGL.mp4"></video></figure>

<p>Entretien vidéo avec Catherine Gosselin-Lavoie sur le projet Élodil (Université de Montréal).</p>
