{"id":2,"date":"2020-07-29T21:52:09","date_gmt":"2020-07-29T19:52:09","guid":{"rendered":"https:\/\/projets.ex-situ.info\/fabrique20\/?page_id=2"},"modified":"2020-10-08T16:14:24","modified_gmt":"2020-10-08T20:14:24","slug":"page-d-exemple","status":"publish","type":"page","link":"https:\/\/projets.ex-situ.info\/fabrique20\/","title":{"rendered":"Accueil"},"content":{"rendered":"\n<h2 class=\"wp-block-heading\">Bienvenue \u00e0 la Fabrique du num\u00e9rique !<\/h2>\n\n\n\n<p>\u00c9v\u00e9nement totalement en ligne, la Fabrique du num\u00e9rique propose un espace de r\u00e9flexion sur l\u2019innovation \u00e9ditoriale. Elle est destin\u00e9e \u00e0 toutes les personnes int\u00e9ress\u00e9es par le r\u00f4le du num\u00e9rique dans les pratiques de cr\u00e9ation, d\u2019\u00e9dition litt\u00e9raire et savante au Qu\u00e9bec&nbsp;: \u00e9ditrices et \u00e9diteurs, \u00e9crivain\u00b7e\u00b7s, biblioth\u00e9caires, chercheur\u00b7e\u00b7s et \u00e9tudiant\u00b7e\u00b7s qui ont \u00e0 c\u0153ur la discussion et la concertation autour de ces enjeux.<\/p>\n\n\n\n<p><img loading=\"lazy\" decoding=\"async\" width=\"512\" height=\"512\" class=\"wp-image-7\" style=\"width: 70px; float:left; padding-right:15px\" src=\"https:\/\/projets.ex-situ.info\/fabrique20\/wp-content\/uploads\/sites\/2\/2020\/07\/favicon.png\" alt=\"logo\" srcset=\"https:\/\/projets.ex-situ.info\/fabrique20\/wp-content\/uploads\/sites\/2\/2020\/07\/favicon.png 512w, https:\/\/projets.ex-situ.info\/fabrique20\/wp-content\/uploads\/sites\/2\/2020\/07\/favicon-300x300.png 300w, https:\/\/projets.ex-situ.info\/fabrique20\/wp-content\/uploads\/sites\/2\/2020\/07\/favicon-150x150.png 150w\" sizes=\"auto, (max-width: 512px) 100vw, 512px\" \/>Comment favoriser aujourd\u2019hui l\u2019int\u00e9gration du num\u00e9rique pour le renouvellement des formes de la litt\u00e9rature qu\u00e9b\u00e9coise et pour l\u2019optimisation de la cha\u00eene de production \u00e9ditoriale&nbsp;? Entrez dans la Fabrique du num\u00e9rique pour contribuer \u00e0 donner forme au livre de demain&nbsp;!<\/p>\n\n\n\n<p><p style=\"border-style:solid; border-width:1px; padding:10px;\">La Fabrique du num\u00e9rique 2020 est maintenant close. Les contenus restent disponibles pour consultation, n&rsquo;h\u00e9sitez pas \u00e0 les parcourir et \u00e0 les partager !<br><br>Nous vous proposons, \u00e0 titre de conclusion, un <b><a href=\"https:\/\/projets.ex-situ.info\/fabrique20\/la-fabrique-du-numerique-2020-retour-dexperience\/\">retour d&rsquo;exp\u00e9rience<\/a><\/b> o\u00f9 se dessinent des observations, des avenues \u00e0 explorer et des pistes d&rsquo;action pour favoriser la poursuite de l&rsquo;innovation \u00e9ditoriale en contexte num\u00e9rique. Bonne lecture !<\/p><\/p>\n\n\n\n<h3 class=\"wp-block-heading\">Formule de l&rsquo;\u00e9v\u00e9nement<\/h3>\n\n\n\n<p><img loading=\"lazy\" decoding=\"async\" width=\"431\" height=\"158\" class=\"wp-image-30\" style=\"width: 250px; float:right;\" src=\"https:\/\/projets.ex-situ.info\/fabrique20\/wp-content\/uploads\/sites\/2\/2020\/08\/entete.jpg\" alt=\"visuel Fabrique 2010\" srcset=\"https:\/\/projets.ex-situ.info\/fabrique20\/wp-content\/uploads\/sites\/2\/2020\/08\/entete.jpg 431w, https:\/\/projets.ex-situ.info\/fabrique20\/wp-content\/uploads\/sites\/2\/2020\/08\/entete-300x110.jpg 300w\" sizes=\"auto, (max-width: 431px) 100vw, 431px\" \/><p>Une premi\u00e8re \u00e9dition de la Fabrique du num\u00e9rique s&rsquo;est tenue en 2010 \u2013 <a href=\"https:\/\/carnets.contemporain.info\/fabrique2010\/\">un peu de nostalgie ici<\/a>&nbsp;! Il s&rsquo;agissait d&rsquo;une <em>unconference<\/em> o\u00f9 les personnes pr\u00e9sentes d\u00e9finissaient les th\u00e8mes \u00e0 discuter et les enjeux qui se dessinaient alors dans le large monde du livre et de l&rsquo;\u00e9dition.<\/p><\/p>\n\n\n\n<p>Apr\u00e8s avoir \u00e9t\u00e9 repouss\u00e9 par la neige (en f\u00e9vrier) et la pand\u00e9mie (par la suite&#8230;), l&rsquo;\u00e9v\u00e9nement a bascul\u00e9 pour prendre une forme toute virtuelle. Chaque semaine, du 27 ao\u00fbt au 10 septembre, des contenus seront diffus\u00e9s sur cette plateforme. Les pr\u00e9sentations s\u2019articuleront autour de trois th\u00e8mes&nbsp;: la question des <strong>formes \u00e9ditoriales<\/strong>, une tourn\u00e9e concernant les <strong>structures organisationnelles<\/strong> et une r\u00e9flexion sur les <strong>mod\u00e8les de circulation et de commercialisation<\/strong>. Les participant\u00b7e\u00b7s sont invit\u00e9\u00b7e\u00b7s \u00e0 commenter les contenus avant de nous retrouver le 17 septembre (d\u00e8s 9h30) pour une <strong>discussion en direct<\/strong> sur les enjeux de formation et d\u2019accompagnement et sur les besoins en ressources pour mieux s\u2019engager dans ce chantier de l\u2019\u00e9dition num\u00e9rique.<\/p>\n\n\n\n<p>Pour toute question, vous pouvez nous rejoindre \u00e0 l&rsquo;adresse courriel&nbsp;: <a rel=\"noreferrer noopener\" href=\"mailto:lqm.quebec@gmail.com\" target=\"_blank\">lqm.quebec@gmail.com<\/a>.<\/p>\n\n\n\n<p>\u00c9v\u00e9nement organis\u00e9 par Ren\u00e9 Audet (Litt\u00e9rature qu\u00e9b\u00e9coise mobile \/ Universit\u00e9 Laval),<br>V\u00e9ronique Fontaine (ANEL \/ \u00c9ditions Fonfon) et Christiane Vadnais (\u00c9ditions Alto).<\/p>\n","protected":false},"excerpt":{"rendered":"<p>Bienvenue \u00e0 la Fabrique du num\u00e9rique ! \u00c9v\u00e9nement totalement en ligne, la Fabrique du num\u00e9rique propose un espace de r\u00e9flexion sur l\u2019innovation \u00e9ditoriale. Elle est destin\u00e9e \u00e0 toutes les personnes int\u00e9ress\u00e9es par le r\u00f4le du num\u00e9rique dans les pratiques de cr\u00e9ation, d\u2019\u00e9dition litt\u00e9raire et savante au Qu\u00e9bec&nbsp;: \u00e9ditrices et \u00e9diteurs, \u00e9crivain\u00b7e\u00b7s, biblioth\u00e9caires, chercheur\u00b7e\u00b7s et \u00e9tudiant\u00b7e\u00b7s &#8230; <a title=\"Accueil\" class=\"read-more\" href=\"https:\/\/projets.ex-situ.info\/fabrique20\/\" aria-label=\"En savoir plus sur Accueil\">Lire la suite<\/a><\/p>\n","protected":false},"author":2,"featured_media":0,"parent":0,"menu_order":1,"comment_status":"closed","ping_status":"open","template":"","meta":{"footnotes":""},"class_list":["post-2","page","type-page","status-publish"],"_links":{"self":[{"href":"https:\/\/projets.ex-situ.info\/fabrique20\/wp-json\/wp\/v2\/pages\/2","targetHints":{"allow":["GET"]}}],"collection":[{"href":"https:\/\/projets.ex-situ.info\/fabrique20\/wp-json\/wp\/v2\/pages"}],"about":[{"href":"https:\/\/projets.ex-situ.info\/fabrique20\/wp-json\/wp\/v2\/types\/page"}],"author":[{"embeddable":true,"href":"https:\/\/projets.ex-situ.info\/fabrique20\/wp-json\/wp\/v2\/users\/2"}],"replies":[{"embeddable":true,"href":"https:\/\/projets.ex-situ.info\/fabrique20\/wp-json\/wp\/v2\/comments?post=2"}],"version-history":[{"count":14,"href":"https:\/\/projets.ex-situ.info\/fabrique20\/wp-json\/wp\/v2\/pages\/2\/revisions"}],"predecessor-version":[{"id":407,"href":"https:\/\/projets.ex-situ.info\/fabrique20\/wp-json\/wp\/v2\/pages\/2\/revisions\/407"}],"wp:attachment":[{"href":"https:\/\/projets.ex-situ.info\/fabrique20\/wp-json\/wp\/v2\/media?parent=2"}],"curies":[{"name":"wp","href":"https:\/\/api.w.org\/{rel}","templated":true}]}}

<h2 class="wp-block-heading">Bienvenue à la Fabrique du numérique !</h2>



<p>Événement totalement en ligne, la Fabrique du numérique propose un espace de réflexion sur l’innovation éditoriale. Elle est destinée à toutes les personnes intéressées par le rôle du numérique dans les pratiques de création, d’édition littéraire et savante au Québec&nbsp;: éditrices et éditeurs, écrivain·e·s, bibliothécaires, chercheur·e·s et étudiant·e·s qui ont à cœur la discussion et la concertation autour de ces enjeux.</p>



<p><img loading="lazy" decoding="async" width="512" height="512" class="wp-image-7" style="width: 70px; float:left; padding-right:15px" src="https://projets.ex-situ.info/fabrique20/wp-content/uploads/sites/2/2020/07/favicon.png" alt="logo" srcset="https://projets.ex-situ.info/fabrique20/wp-content/uploads/sites/2/2020/07/favicon.png 512w, https://projets.ex-situ.info/fabrique20/wp-content/uploads/sites/2/2020/07/favicon-300x300.png 300w, https://projets.ex-situ.info/fabrique20/wp-content/uploads/sites/2/2020/07/favicon-150x150.png 150w" sizes="auto, (max-width: 512px) 100vw, 512px" />Comment favoriser aujourd’hui l’intégration du numérique pour le renouvellement des formes de la littérature québécoise et pour l’optimisation de la chaîne de production éditoriale&nbsp;? Entrez dans la Fabrique du numérique pour contribuer à donner forme au livre de demain&nbsp;!</p>



<p><p style="border-style:solid; border-width:1px; padding:10px;">La Fabrique du numérique 2020 est maintenant close. Les contenus restent disponibles pour consultation, n&rsquo;hésitez pas à les parcourir et à les partager !<br><br>Nous vous proposons, à titre de conclusion, un <b><a href="https://projets.ex-situ.info/fabrique20/la-fabrique-du-numerique-2020-retour-dexperience/">retour d&rsquo;expérience</a></b> où se dessinent des observations, des avenues à explorer et des pistes d&rsquo;action pour favoriser la poursuite de l&rsquo;innovation éditoriale en contexte numérique. Bonne lecture !</p></p>



<h3 class="wp-block-heading">Formule de l&rsquo;événement</h3>



<p><img loading="lazy" decoding="async" width="431" height="158" class="wp-image-30" style="width: 250px; float:right;" src="https://projets.ex-situ.info/fabrique20/wp-content/uploads/sites/2/2020/08/entete.jpg" alt="visuel Fabrique 2010" srcset="https://projets.ex-situ.info/fabrique20/wp-content/uploads/sites/2/2020/08/entete.jpg 431w, https://projets.ex-situ.info/fabrique20/wp-content/uploads/sites/2/2020/08/entete-300x110.jpg 300w" sizes="auto, (max-width: 431px) 100vw, 431px" /><p>Une première édition de la Fabrique du numérique s&rsquo;est tenue en 2010 – <a href="https://carnets.contemporain.info/fabrique2010/">un peu de nostalgie ici</a>&nbsp;! Il s&rsquo;agissait d&rsquo;une <em>unconference</em> où les personnes présentes définissaient les thèmes à discuter et les enjeux qui se dessinaient alors dans le large monde du livre et de l&rsquo;édition.</p></p>



<p>Après avoir été repoussé par la neige (en février) et la pandémie (par la suite&#8230;), l&rsquo;événement a basculé pour prendre une forme toute virtuelle. Chaque semaine, du 27 août au 10 septembre, des contenus seront diffusés sur cette plateforme. Les présentations s’articuleront autour de trois thèmes&nbsp;: la question des <strong>formes éditoriales</strong>, une tournée concernant les <strong>structures organisationnelles</strong> et une réflexion sur les <strong>modèles de circulation et de commercialisation</strong>. Les participant·e·s sont invité·e·s à commenter les contenus avant de nous retrouver le 17 septembre (dès 9h30) pour une <strong>discussion en direct</strong> sur les enjeux de formation et d’accompagnement et sur les besoins en ressources pour mieux s’engager dans ce chantier de l’édition numérique.</p>



<p>Pour toute question, vous pouvez nous rejoindre à l&rsquo;adresse courriel&nbsp;: <a rel="noreferrer noopener" href="mailto:lqm.quebec@gmail.com" target="_blank">lqm.quebec@gmail.com</a>.</p>



<p>Événement organisé par René Audet (Littérature québécoise mobile / Université Laval),<br>Véronique Fontaine (ANEL / Éditions Fonfon) et Christiane Vadnais (Éditions Alto).</p>

<p>Bienvenue à la Fabrique du numérique ! Événement totalement en ligne, la Fabrique du numérique propose un espace de réflexion sur l’innovation éditoriale. Elle est destinée à toutes les personnes intéressées par le rôle du numérique dans les pratiques de création, d’édition littéraire et savante au Québec&nbsp;: éditrices et éditeurs, écrivain·e·s, bibliothécaires, chercheur·e·s et étudiant·e·s &#8230; <a title="Accueil" class="read-more" href="https://projets.ex-situ.info/fabrique20/" aria-label="En savoir plus sur Accueil">Lire la suite</a></p>
