{"id":17,"date":"2020-07-29T16:19:32","date_gmt":"2020-07-29T20:19:32","guid":{"rendered":"https:\/\/projets.ex-situ.info\/fabrique20\/?page_id=17"},"modified":"2020-09-20T20:14:16","modified_gmt":"2020-09-21T00:14:16","slug":"a-propos","status":"publish","type":"page","link":"https:\/\/projets.ex-situ.info\/fabrique20\/a-propos\/","title":{"rendered":"\u00c0 propos"},"content":{"rendered":"\n<p>La Fabrique du num\u00e9rique est un \u00e9v\u00e9nement collaboratif, mobilisant des acteur\u00b7trice\u00b7s du milieu du livre et con\u00e7u comme un espace de mise en commun, de r\u00e9flexion et de prospective pour l&rsquo;\u00e9dition. \u00c0 l&rsquo;intersection de la production \u00e9ditoriale, de la m\u00e9diation du livre et de la recherche universitaire sur ces th\u00e8mes, la Fabrique 2020 vise \u00e0 contribuer \u00e0 la formation autant qu&rsquo;\u00e0 la mise en rapport de celles et ceux qui construisent l&rsquo;\u00e9dition de demain.<\/p>\n\n\n\n<h3 class=\"wp-block-heading\" id=\"block-a6e7149a-bef3-4074-b7f5-91a25f4a7f19\">Contact<\/h3>\n\n\n\n<p id=\"block-7f1bbb62-2f9d-46c4-91ef-dd08807a653b\">Pour toute question, <a href=\"mailto:lqm.quebec@gmail.com\">contactez-nous<\/a>&nbsp;!<\/p>\n\n\n\n<h3 class=\"wp-block-heading\">\u00c9quipe<\/h3>\n\n\n\n\n\n<ul class=\"wp-block-list\"><li><img decoding=\"async\" src=\"https:\/\/projets.ex-situ.info\/fabrique20\/wp-content\/uploads\/sites\/2\/2020\/08\/Audet2c-150x150.jpeg\" alt=\"photo Ren\u00e9 Audet\" style=\"width: 150px; float:right; margin-left:0.7em;\"><a href=\"https:\/\/ex-situ.info\/rene-audet-2\">Ren\u00e9 Audet<\/a> est professeur titulaire au D\u00e9partement de litt\u00e9rature, th\u00e9\u00e2tre et cin\u00e9ma de l&rsquo;Universit\u00e9 Laval. Il dirige le p\u00f4le Qu\u00e9bec du projet de recherche en partenariat \u00ab&nbsp;<a href=\"https:\/\/lqm.uqam.ca\">Litt\u00e9rature qu\u00e9b\u00e9coise mobile<\/a>&nbsp;\u00bb, qui a pour vis\u00e9e d&rsquo;accompagner le milieu litt\u00e9raire dans son appropriation des outils du num\u00e9rique.<br><br><br><br><br> <\/li><li><img decoding=\"async\" class=\"wp-image-36\" style=\"width: 150px; float:right; margin-left:0.7em;\" src=\"https:\/\/projets.ex-situ.info\/fabrique20\/wp-content\/uploads\/sites\/2\/2020\/08\/Ve\u0301roniqueFontaine_Cre\u0301ditYanBleney-e1597841151861.jpg\" alt=\"photo V\u00e9ronique Fontaine\"><a href=\"http:\/\/editionsfonfon.com\">V\u00e9ronique Fontaine<\/a> est directrice g\u00e9n\u00e9rale des \u00c9ditions Fonfon, sp\u00e9cialis\u00e9es en litt\u00e9rature jeunesse. Elle est \u00e9galement vice-pr\u00e9sidente du conseil d&rsquo;administration de l&rsquo;<a href=\"https:\/\/www.anel.qc.ca\">Association nationale des \u00e9diteurs de livres<\/a> et pr\u00e9sidente de son comit\u00e9 num\u00e9rique, technologie et innovation.<br><br><br><br><br> <\/li><li><img loading=\"lazy\" decoding=\"async\" width=\"1778\" height=\"1776\" class=\"wp-image-35\" style=\"width: 150px; float:right; margin-left:0.7em;\" src=\"https:\/\/projets.ex-situ.info\/fabrique20\/wp-content\/uploads\/sites\/2\/2020\/08\/ChristianeVadnaisMaryseCle\u0301ro-Nobre\u0301ga_2-1.jpg\" alt=\"photo Christiane Vadnais\" srcset=\"https:\/\/projets.ex-situ.info\/fabrique20\/wp-content\/uploads\/sites\/2\/2020\/08\/ChristianeVadnaisMaryseCle\u0301ro-Nobre\u0301ga_2-1.jpg 1778w, https:\/\/projets.ex-situ.info\/fabrique20\/wp-content\/uploads\/sites\/2\/2020\/08\/ChristianeVadnaisMaryseCle\u0301ro-Nobre\u0301ga_2-1-300x300.jpg 300w, https:\/\/projets.ex-situ.info\/fabrique20\/wp-content\/uploads\/sites\/2\/2020\/08\/ChristianeVadnaisMaryseCle\u0301ro-Nobre\u0301ga_2-1-1024x1024.jpg 1024w, https:\/\/projets.ex-situ.info\/fabrique20\/wp-content\/uploads\/sites\/2\/2020\/08\/ChristianeVadnaisMaryseCle\u0301ro-Nobre\u0301ga_2-1-150x150.jpg 150w, https:\/\/projets.ex-situ.info\/fabrique20\/wp-content\/uploads\/sites\/2\/2020\/08\/ChristianeVadnaisMaryseCle\u0301ro-Nobre\u0301ga_2-1-768x767.jpg 768w, https:\/\/projets.ex-situ.info\/fabrique20\/wp-content\/uploads\/sites\/2\/2020\/08\/ChristianeVadnaisMaryseCle\u0301ro-Nobre\u0301ga_2-1-1536x1534.jpg 1536w\" sizes=\"auto, (max-width: 1778px) 100vw, 1778px\" \/><a href=\"https:\/\/www.christianevadnais.com\/\">Christiane Vadnais<\/a> est \u00e9crivaine, responsable des projets de recherche et d\u00e9veloppement aux <a href=\"https:\/\/editionsalto.com\">\u00c9ditions Alto<\/a> et directrice de l&rsquo;OBNL <a href=\"http:\/\/lesautresjours.com\/\">Les autres jours<\/a>, consacr\u00e9 \u00e0 la m\u00e9diation du livre et \u00e0 l&rsquo;innovation \u00e9ditoriale.<br><br><br><br><br><\/li><\/ul>\n\n\n\n<p>L&rsquo;\u00e9v\u00e9nement est rendu possible gr\u00e2ce \u00e0 la collaboration essentielle des professionnelles de recherche du projet <a href=\"http:\/\/ex-situ.info\">LQM \u00e0 Qu\u00e9bec<\/a>&nbsp;: M\u00e9lodie Simard-Houde et Charlotte Biron.<\/p>\n\n\n\n<figure class=\"wp-block-image size-large\"><img decoding=\"async\" src=\"https:\/\/projets.ex-situ.info\/fabrique20\/wp-content\/uploads\/sites\/2\/2020\/08\/merci-1.png\" alt=\"soutiens financiers logos\" class=\"wp-image-225\"\/><\/figure>\n","protected":false},"excerpt":{"rendered":"<p>La Fabrique du num\u00e9rique est un \u00e9v\u00e9nement collaboratif, mobilisant des acteur\u00b7trice\u00b7s du milieu du livre et con\u00e7u comme un espace de mise en commun, de r\u00e9flexion et de prospective pour l&rsquo;\u00e9dition. \u00c0 l&rsquo;intersection de la production \u00e9ditoriale, de la m\u00e9diation du livre et de la recherche universitaire sur ces th\u00e8mes, la Fabrique 2020 vise \u00e0 &#8230; <a title=\"\u00c0 propos\" class=\"read-more\" href=\"https:\/\/projets.ex-situ.info\/fabrique20\/a-propos\/\" aria-label=\"En savoir plus sur \u00c0 propos\">Lire la suite<\/a><\/p>\n","protected":false},"author":2,"featured_media":0,"parent":0,"menu_order":9,"comment_status":"closed","ping_status":"closed","template":"","meta":{"footnotes":""},"class_list":["post-17","page","type-page","status-publish"],"_links":{"self":[{"href":"https:\/\/projets.ex-situ.info\/fabrique20\/wp-json\/wp\/v2\/pages\/17","targetHints":{"allow":["GET"]}}],"collection":[{"href":"https:\/\/projets.ex-situ.info\/fabrique20\/wp-json\/wp\/v2\/pages"}],"about":[{"href":"https:\/\/projets.ex-situ.info\/fabrique20\/wp-json\/wp\/v2\/types\/page"}],"author":[{"embeddable":true,"href":"https:\/\/projets.ex-situ.info\/fabrique20\/wp-json\/wp\/v2\/users\/2"}],"replies":[{"embeddable":true,"href":"https:\/\/projets.ex-situ.info\/fabrique20\/wp-json\/wp\/v2\/comments?post=17"}],"version-history":[{"count":18,"href":"https:\/\/projets.ex-situ.info\/fabrique20\/wp-json\/wp\/v2\/pages\/17\/revisions"}],"predecessor-version":[{"id":246,"href":"https:\/\/projets.ex-situ.info\/fabrique20\/wp-json\/wp\/v2\/pages\/17\/revisions\/246"}],"wp:attachment":[{"href":"https:\/\/projets.ex-situ.info\/fabrique20\/wp-json\/wp\/v2\/media?parent=17"}],"curies":[{"name":"wp","href":"https:\/\/api.w.org\/{rel}","templated":true}]}}

À propos

<p>La Fabrique du numérique est un événement collaboratif, mobilisant des acteur·trice·s du milieu du livre et conçu comme un espace de mise en commun, de réflexion et de prospective pour l&rsquo;édition. À l&rsquo;intersection de la production éditoriale, de la médiation du livre et de la recherche universitaire sur ces thèmes, la Fabrique 2020 vise à contribuer à la formation autant qu&rsquo;à la mise en rapport de celles et ceux qui construisent l&rsquo;édition de demain.</p>



<h3 class="wp-block-heading" id="block-a6e7149a-bef3-4074-b7f5-91a25f4a7f19">Contact</h3>



<p id="block-7f1bbb62-2f9d-46c4-91ef-dd08807a653b">Pour toute question, <a href="mailto:lqm.quebec@gmail.com">contactez-nous</a>&nbsp;!</p>



<h3 class="wp-block-heading">Équipe</h3>





<ul class="wp-block-list"><li><img decoding="async" src="https://projets.ex-situ.info/fabrique20/wp-content/uploads/sites/2/2020/08/Audet2c-150x150.jpeg" alt="photo René Audet" style="width: 150px; float:right; margin-left:0.7em;"><a href="https://ex-situ.info/rene-audet-2">René Audet</a> est professeur titulaire au Département de littérature, théâtre et cinéma de l&rsquo;Université Laval. Il dirige le pôle Québec du projet de recherche en partenariat «&nbsp;<a href="https://lqm.uqam.ca">Littérature québécoise mobile</a>&nbsp;», qui a pour visée d&rsquo;accompagner le milieu littéraire dans son appropriation des outils du numérique.<br><br><br><br><br> </li><li><img decoding="async" class="wp-image-36" style="width: 150px; float:right; margin-left:0.7em;" src="https://projets.ex-situ.info/fabrique20/wp-content/uploads/sites/2/2020/08/VéroniqueFontaine_CréditYanBleney-e1597841151861.jpg" alt="photo Véronique Fontaine"><a href="http://editionsfonfon.com">Véronique Fontaine</a> est directrice générale des Éditions Fonfon, spécialisées en littérature jeunesse. Elle est également vice-présidente du conseil d&rsquo;administration de l&rsquo;<a href="https://www.anel.qc.ca">Association nationale des éditeurs de livres</a> et présidente de son comité numérique, technologie et innovation.<br><br><br><br><br> </li><li><img loading="lazy" decoding="async" width="1778" height="1776" class="wp-image-35" style="width: 150px; float:right; margin-left:0.7em;" src="https://projets.ex-situ.info/fabrique20/wp-content/uploads/sites/2/2020/08/ChristianeVadnaisMaryseCléro-Nobréga_2-1.jpg" alt="photo Christiane Vadnais" srcset="https://projets.ex-situ.info/fabrique20/wp-content/uploads/sites/2/2020/08/ChristianeVadnaisMaryseCléro-Nobréga_2-1.jpg 1778w, https://projets.ex-situ.info/fabrique20/wp-content/uploads/sites/2/2020/08/ChristianeVadnaisMaryseCléro-Nobréga_2-1-300x300.jpg 300w, https://projets.ex-situ.info/fabrique20/wp-content/uploads/sites/2/2020/08/ChristianeVadnaisMaryseCléro-Nobréga_2-1-1024x1024.jpg 1024w, https://projets.ex-situ.info/fabrique20/wp-content/uploads/sites/2/2020/08/ChristianeVadnaisMaryseCléro-Nobréga_2-1-150x150.jpg 150w, https://projets.ex-situ.info/fabrique20/wp-content/uploads/sites/2/2020/08/ChristianeVadnaisMaryseCléro-Nobréga_2-1-768x767.jpg 768w, https://projets.ex-situ.info/fabrique20/wp-content/uploads/sites/2/2020/08/ChristianeVadnaisMaryseCléro-Nobréga_2-1-1536x1534.jpg 1536w" sizes="auto, (max-width: 1778px) 100vw, 1778px" /><a href="https://www.christianevadnais.com/">Christiane Vadnais</a> est écrivaine, responsable des projets de recherche et développement aux <a href="https://editionsalto.com">Éditions Alto</a> et directrice de l&rsquo;OBNL <a href="http://lesautresjours.com/">Les autres jours</a>, consacré à la médiation du livre et à l&rsquo;innovation éditoriale.<br><br><br><br><br></li></ul>



<p>L&rsquo;événement est rendu possible grâce à la collaboration essentielle des professionnelles de recherche du projet <a href="http://ex-situ.info">LQM à Québec</a>&nbsp;: Mélodie Simard-Houde et Charlotte Biron.</p>



<figure class="wp-block-image size-large"><img decoding="async" src="https://projets.ex-situ.info/fabrique20/wp-content/uploads/sites/2/2020/08/merci-1.png" alt="soutiens financiers logos" class="wp-image-225"/></figure>

<p>La Fabrique du numérique est un événement collaboratif, mobilisant des acteur·trice·s du milieu du livre et conçu comme un espace de mise en commun, de réflexion et de prospective pour l&rsquo;édition. À l&rsquo;intersection de la production éditoriale, de la médiation du livre et de la recherche universitaire sur ces thèmes, la Fabrique 2020 vise à &#8230; <a title="À propos" class="read-more" href="https://projets.ex-situ.info/fabrique20/a-propos/" aria-label="En savoir plus sur À propos">Lire la suite</a></p>
