{"id":76,"date":"2024-03-14T13:57:31","date_gmt":"2024-03-14T12:57:31","guid":{"rendered":"https:\/\/projets.ex-situ.info\/etudesdulivre24\/?page_id=76"},"modified":"2024-03-14T13:57:31","modified_gmt":"2024-03-14T12:57:31","slug":"liv2-vkrywicki","status":"publish","type":"page","link":"https:\/\/projets.ex-situ.info\/etudesdulivre24\/livraison2\/liv2-vkrywicki\/","title":{"rendered":"Victor Krywicki, \u00ab Le best-seller pour adolescent des ann\u00e9es 2010 \u00e0 nos jours. \u00c9l\u00e9ments d\u2019analyse et de m\u00e9thodologie \u00bb"},"content":{"rendered":"\n<div class=\"wp-block-columns is-layout-flex wp-container-core-columns-is-layout-28f84493 wp-block-columns-is-layout-flex\">\n<div class=\"wp-block-column is-layout-flow wp-block-column-is-layout-flow\" style=\"flex-basis:66.66%\">\n<figure class=\"wp-block-video\"><video controls src=\"https:\/\/projets.ex-situ.info\/etudesdulivre24\/wp-content\/uploads\/sites\/13\/2024\/edl24\/Kriwicki_Victor.mp4\"><\/video><\/figure>\n<\/div>\n\n\n\n<div class=\"wp-block-column is-layout-flow wp-block-column-is-layout-flow\" style=\"flex-basis:33.33%\"><div class=\"wp-block-image\">\n<figure class=\"alignright size-large is-resized\"><img decoding=\"async\" src=\"https:\/\/projets.ex-situ.info\/etudesdulivre24\/wp-content\/uploads\/sites\/13\/2024\/edl24\/Victor_Krywicki.jpg\" alt=\"\" style=\"aspect-ratio:1;object-fit:cover;width:178px;height:auto\" \/><\/figure>\n<\/div>\n\n\n<h4 class=\"wp-block-heading\">Victor Krywicki<\/h4>\n\n\n\n<p>Victor Krywicki est assistant-chercheur en M\u00e9tiers du Livre \u00e0 l\u2019Universit\u00e9 de Li\u00e8ge et libraire. Ses recherches portent sur le livre contemporain, ses conditions de production et de r\u00e9ception. Il pr\u00e9pare en outre une th\u00e8se sur les institutions d\u2019aide \u00e0 la pratique de l\u2019\u00e9criture litt\u00e9raire en Belgique.<\/p>\n<\/div>\n<\/div>\n\n\n\n<p>Vous avez aim\u00e9 cette communication scientifique? D\u00e9couvrez les autres de <a href=\"https:\/\/projets.ex-situ.info\/etudesdulivre24\/livraison2\/\" data-type=\"link\" data-id=\"https:\/\/projets.ex-situ.info\/etudesdulivre24\/livraison2\/\">cette\u00a0deuxi\u00e8me livraison<\/a>.<\/p>\n","protected":false},"excerpt":{"rendered":"<p>Victor Krywicki Victor Krywicki est assistant-chercheur en M\u00e9tiers du Livre \u00e0 l\u2019Universit\u00e9 de Li\u00e8ge et libraire. Ses recherches portent sur le livre contemporain, ses conditions de production et de r\u00e9ception. Il pr\u00e9pare en outre une th\u00e8se sur les institutions d\u2019aide \u00e0 la pratique de l\u2019\u00e9criture litt\u00e9raire en Belgique. Vous avez aim\u00e9 cette communication scientifique? D\u00e9couvrez &#8230; <a title=\"Victor Krywicki, \u00ab Le best-seller pour adolescent des ann\u00e9es 2010 \u00e0 nos jours. \u00c9l\u00e9ments d\u2019analyse et de m\u00e9thodologie \u00bb\" class=\"read-more\" href=\"https:\/\/projets.ex-situ.info\/etudesdulivre24\/livraison2\/liv2-vkrywicki\/\" aria-label=\"En savoir plus sur Victor Krywicki, \u00ab Le best-seller pour adolescent des ann\u00e9es 2010 \u00e0 nos jours. \u00c9l\u00e9ments d\u2019analyse et de m\u00e9thodologie \u00bb\">Lire la suite<\/a><\/p>\n","protected":false},"author":3,"featured_media":0,"parent":53,"menu_order":1,"comment_status":"open","ping_status":"closed","template":"","meta":{"footnotes":""},"class_list":["post-76","page","type-page","status-publish"],"_links":{"self":[{"href":"https:\/\/projets.ex-situ.info\/etudesdulivre24\/wp-json\/wp\/v2\/pages\/76","targetHints":{"allow":["GET"]}}],"collection":[{"href":"https:\/\/projets.ex-situ.info\/etudesdulivre24\/wp-json\/wp\/v2\/pages"}],"about":[{"href":"https:\/\/projets.ex-situ.info\/etudesdulivre24\/wp-json\/wp\/v2\/types\/page"}],"author":[{"embeddable":true,"href":"https:\/\/projets.ex-situ.info\/etudesdulivre24\/wp-json\/wp\/v2\/users\/3"}],"replies":[{"embeddable":true,"href":"https:\/\/projets.ex-situ.info\/etudesdulivre24\/wp-json\/wp\/v2\/comments?post=76"}],"version-history":[{"count":4,"href":"https:\/\/projets.ex-situ.info\/etudesdulivre24\/wp-json\/wp\/v2\/pages\/76\/revisions"}],"predecessor-version":[{"id":114,"href":"https:\/\/projets.ex-situ.info\/etudesdulivre24\/wp-json\/wp\/v2\/pages\/76\/revisions\/114"}],"up":[{"embeddable":true,"href":"https:\/\/projets.ex-situ.info\/etudesdulivre24\/wp-json\/wp\/v2\/pages\/53"}],"wp:attachment":[{"href":"https:\/\/projets.ex-situ.info\/etudesdulivre24\/wp-json\/wp\/v2\/media?parent=76"}],"curies":[{"name":"wp","href":"https:\/\/api.w.org\/{rel}","templated":true}]}}