{"id":241,"date":"2021-03-22T16:11:48","date_gmt":"2021-03-22T20:11:48","guid":{"rendered":"https:\/\/projets.ex-situ.info\/etudesdulivre21\/?page_id=241"},"modified":"2021-07-14T12:03:23","modified_gmt":"2021-07-14T16:03:23","slug":"legendre","status":"publish","type":"page","link":"https:\/\/projets.ex-situ.info\/etudesdulivre21\/liv2\/legendre\/","title":{"rendered":"Izabeau Legendre, \u00ab Les zines contre internet : s\u2019\u00e9diter, ou se d\u00e9mat\u00e9rialiser\u00a0\u00bb"},"content":{"rendered":"\n<div class=\"wp-block-columns is-layout-flex wp-container-core-columns-is-layout-28f84493 wp-block-columns-is-layout-flex\">\n<div class=\"wp-block-column is-layout-flow wp-block-column-is-layout-flow\" style=\"flex-basis:100%\">\n<div class=\"wp-block-columns is-layout-flex wp-container-core-columns-is-layout-28f84493 wp-block-columns-is-layout-flex\">\n<div class=\"wp-block-column is-layout-flow wp-block-column-is-layout-flow\" style=\"flex-basis:66.66%\">\n<figure class=\"wp-block-video\"><video controls src=\"https:\/\/projets.ex-situ.info\/etudesdulivre21\/wp-content\/uploads\/sites\/4\/Legendre.mp4\"><\/video><\/figure>\n<\/div>\n\n\n\n<div class=\"wp-block-column is-layout-flow wp-block-column-is-layout-flow\" style=\"flex-basis:33.33%\">\n<h3 class=\"wp-block-heading\">Izabeau Legendre<\/h3>\n\n\n\n<div class=\"wp-block-image\"><figure class=\"alignright size-large is-resized\"><img loading=\"lazy\" decoding=\"async\" src=\"https:\/\/projets.ex-situ.info\/etudesdulivre21\/wp-content\/uploads\/sites\/4\/2021\/03\/Izabeau-Legendre.jpg\" alt=\"Izabeau Legendre\" class=\"wp-image-242\" width=\"200\" height=\"200\" srcset=\"https:\/\/projets.ex-situ.info\/etudesdulivre21\/wp-content\/uploads\/sites\/4\/2021\/03\/Izabeau-Legendre.jpg 574w, https:\/\/projets.ex-situ.info\/etudesdulivre21\/wp-content\/uploads\/sites\/4\/2021\/03\/Izabeau-Legendre-300x300.jpg 300w, https:\/\/projets.ex-situ.info\/etudesdulivre21\/wp-content\/uploads\/sites\/4\/2021\/03\/Izabeau-Legendre-150x150.jpg 150w\" sizes=\"auto, (max-width: 200px) 100vw, 200px\" \/><\/figure><\/div>\n\n\n\n<p class=\"bio\">Izabeau Legendre est \u00e9tudiant au doctorat dans le programme interdisciplinaire de Cultural Studies de l\u2019Universit\u00e9 Queen\u2019s, \u00e0 Kingston, Ontario.<\/p>\n\n\n\n<p class=\"bio\">Ses recherches portent sur la culture du zine dans une perspective sociologique et politique. Apr\u00e8s un travail de recherche sur la sc\u00e8ne du zine francophone de Montr\u00e9al (\u00e0 para\u00eetre, 2021), il s\u2019int\u00e9resse maintenant aux politiques du zine \u00e0 une \u00e9chelle internationale. Sous la direction de Julien Lefort-Favreau, son projet de recherche doctoral (titre de travail : \u00ab&nbsp;Zine politics, 1930\u20132020. Self-Publishing and the Politics of Culture&nbsp;\u00bb) est soutenu par Conseil de recherches en sciences humaines (CRSH-Armand Bombardier 2020-2023).<\/p>\n\n\n\n<p class=\"bio\">Dans le cadre de ces \u00ab\u2009chantiers\u2009\u00bb, il souhaite se pencher sur la place qu\u2019occupent internet et le num\u00e9rique aux marges de l\u2019institution \u00e9ditoriale et du champ culturel.<\/p>\n<\/div>\n<\/div>\n<\/div>\n<\/div>\n\n\n\n<p>Vous avez aim\u00e9 cette communication scientifique? D\u00e9couvrez les autres de cette <a href=\"https:\/\/projets.ex-situ.info\/etudesdulivre21\/liv2\/\">deuxi\u00e8me livraison<\/a>.<\/p>\n","protected":false},"excerpt":{"rendered":"<p>Izabeau Legendre Izabeau Legendre est \u00e9tudiant au doctorat dans le programme interdisciplinaire de Cultural Studies de l\u2019Universit\u00e9 Queen\u2019s, \u00e0 Kingston, Ontario. Ses recherches portent sur la culture du zine dans une perspective sociologique et politique. Apr\u00e8s un travail de recherche sur la sc\u00e8ne du zine francophone de Montr\u00e9al (\u00e0 para\u00eetre, 2021), il s\u2019int\u00e9resse maintenant aux &#8230; <a title=\"Izabeau Legendre, \u00ab Les zines contre internet : s\u2019\u00e9diter, ou se d\u00e9mat\u00e9rialiser\u00a0\u00bb\" class=\"read-more\" href=\"https:\/\/projets.ex-situ.info\/etudesdulivre21\/liv2\/legendre\/\" aria-label=\"En savoir plus sur Izabeau Legendre, \u00ab Les zines contre internet : s\u2019\u00e9diter, ou se d\u00e9mat\u00e9rialiser\u00a0\u00bb\">Lire la suite<\/a><\/p>\n","protected":false},"author":2,"featured_media":0,"parent":104,"menu_order":1,"comment_status":"closed","ping_status":"closed","template":"","meta":{"footnotes":""},"class_list":["post-241","page","type-page","status-publish"],"_links":{"self":[{"href":"https:\/\/projets.ex-situ.info\/etudesdulivre21\/wp-json\/wp\/v2\/pages\/241","targetHints":{"allow":["GET"]}}],"collection":[{"href":"https:\/\/projets.ex-situ.info\/etudesdulivre21\/wp-json\/wp\/v2\/pages"}],"about":[{"href":"https:\/\/projets.ex-situ.info\/etudesdulivre21\/wp-json\/wp\/v2\/types\/page"}],"author":[{"embeddable":true,"href":"https:\/\/projets.ex-situ.info\/etudesdulivre21\/wp-json\/wp\/v2\/users\/2"}],"replies":[{"embeddable":true,"href":"https:\/\/projets.ex-situ.info\/etudesdulivre21\/wp-json\/wp\/v2\/comments?post=241"}],"version-history":[{"count":5,"href":"https:\/\/projets.ex-situ.info\/etudesdulivre21\/wp-json\/wp\/v2\/pages\/241\/revisions"}],"predecessor-version":[{"id":504,"href":"https:\/\/projets.ex-situ.info\/etudesdulivre21\/wp-json\/wp\/v2\/pages\/241\/revisions\/504"}],"up":[{"embeddable":true,"href":"https:\/\/projets.ex-situ.info\/etudesdulivre21\/wp-json\/wp\/v2\/pages\/104"}],"wp:attachment":[{"href":"https:\/\/projets.ex-situ.info\/etudesdulivre21\/wp-json\/wp\/v2\/media?parent=241"}],"curies":[{"name":"wp","href":"https:\/\/api.w.org\/{rel}","templated":true}]}}