{"id":16,"date":"2021-02-10T21:21:03","date_gmt":"2021-02-11T02:21:03","guid":{"rendered":"https:\/\/projets.ex-situ.info\/etudesdulivre21\/?page_id=16"},"modified":"2021-07-14T10:39:50","modified_gmt":"2021-07-14T14:39:50","slug":"liv1","status":"publish","type":"page","link":"https:\/\/projets.ex-situ.info\/etudesdulivre21\/liv1\/","title":{"rendered":"Premi\u00e8re livraison (10 mars)"},"content":{"rendered":"\n<p>Trois pr\u00e9sentations composent cette premi\u00e8re livraison du colloque \u00c9tudes du livre au XXI<sup>e<\/sup> si\u00e8cle :<\/p>\n\n\n\n<ul class=\"wp-block-list\"><li>Corentin Lahouste, UCLouvain<br>\u00ab <a href=\"https:\/\/projets.ex-situ.info\/etudesdulivre21\/liv1\/lahouste\/\" data-type=\"page\" data-id=\"9\">Difformations livresques contemporaines<\/a> \u00bb<\/li><li>Morgan Fr\u00e8res, Universit\u00e9 Sorbonne Nouvelle<br>\u00ab <a href=\"https:\/\/projets.ex-situ.info\/etudesdulivre21\/liv1\/freres\/\" data-type=\"page\" data-id=\"119\">Litt\u00e9rature jeunesse et communaut\u00e9s de lecteur.trice.s : <em>Animant Crumbs Staubchronik<\/em><\/a> \u00bb<\/li><li>Antoine Fauchi\u00e9, Universit\u00e9 de Montr\u00e9al<br>\u00ab <a href=\"https:\/\/projets.ex-situ.info\/etudesdulivre21\/liv1\/fauchie\/\" data-type=\"page\" data-id=\"124\">D\u00e9ployer le livre<\/a> \u00bb<\/li><\/ul>\n\n\n\n<p>D\u00e9couvrez les prochaines livraisons:<\/p>\n\n\n\n<p><a href=\"https:\/\/projets.ex-situ.info\/etudesdulivre21\/liv2\/\" target=\"_blank\" rel=\"noreferrer noopener\">Deuxi\u00e8me livraison<\/a><\/p>\n\n\n\n<p><a href=\"https:\/\/projets.ex-situ.info\/etudesdulivre21\/liv3\/\" target=\"_blank\" rel=\"noreferrer noopener\">Troisi\u00e8me livraison<\/a><\/p>\n\n\n\n<p><a href=\"https:\/\/projets.ex-situ.info\/etudesdulivre21\/liv4\/\" target=\"_blank\" rel=\"noreferrer noopener\">Quatri\u00e8me livraison<\/a><\/p>\n\n\n\n<p><a href=\"https:\/\/projets.ex-situ.info\/etudesdulivre21\/liv5\/\" target=\"_blank\" rel=\"noreferrer noopener\">Cinqui\u00e8me livraison<\/a><\/p>\n","protected":false},"excerpt":{"rendered":"<p>Trois pr\u00e9sentations composent cette premi\u00e8re livraison du colloque \u00c9tudes du livre au XXIe si\u00e8cle : Corentin Lahouste, UCLouvain\u00ab Difformations livresques contemporaines \u00bb Morgan Fr\u00e8res, Universit\u00e9 Sorbonne Nouvelle\u00ab Litt\u00e9rature jeunesse et communaut\u00e9s de lecteur.trice.s : Animant Crumbs Staubchronik \u00bb Antoine Fauchi\u00e9, Universit\u00e9 de Montr\u00e9al\u00ab D\u00e9ployer le livre \u00bb D\u00e9couvrez les prochaines livraisons: Deuxi\u00e8me livraison Troisi\u00e8me livraison &#8230; <a title=\"Premi\u00e8re livraison (10 mars)\" class=\"read-more\" href=\"https:\/\/projets.ex-situ.info\/etudesdulivre21\/liv1\/\" aria-label=\"En savoir plus sur Premi\u00e8re livraison (10 mars)\">Lire la suite<\/a><\/p>\n","protected":false},"author":2,"featured_media":0,"parent":0,"menu_order":0,"comment_status":"closed","ping_status":"closed","template":"","meta":{"footnotes":""},"class_list":["post-16","page","type-page","status-publish"],"_links":{"self":[{"href":"https:\/\/projets.ex-situ.info\/etudesdulivre21\/wp-json\/wp\/v2\/pages\/16","targetHints":{"allow":["GET"]}}],"collection":[{"href":"https:\/\/projets.ex-situ.info\/etudesdulivre21\/wp-json\/wp\/v2\/pages"}],"about":[{"href":"https:\/\/projets.ex-situ.info\/etudesdulivre21\/wp-json\/wp\/v2\/types\/page"}],"author":[{"embeddable":true,"href":"https:\/\/projets.ex-situ.info\/etudesdulivre21\/wp-json\/wp\/v2\/users\/2"}],"replies":[{"embeddable":true,"href":"https:\/\/projets.ex-situ.info\/etudesdulivre21\/wp-json\/wp\/v2\/comments?post=16"}],"version-history":[{"count":9,"href":"https:\/\/projets.ex-situ.info\/etudesdulivre21\/wp-json\/wp\/v2\/pages\/16\/revisions"}],"predecessor-version":[{"id":471,"href":"https:\/\/projets.ex-situ.info\/etudesdulivre21\/wp-json\/wp\/v2\/pages\/16\/revisions\/471"}],"wp:attachment":[{"href":"https:\/\/projets.ex-situ.info\/etudesdulivre21\/wp-json\/wp\/v2\/media?parent=16"}],"curies":[{"name":"wp","href":"https:\/\/api.w.org\/{rel}","templated":true}]}}