{"id":124,"date":"2021-02-25T14:58:20","date_gmt":"2021-02-25T19:58:20","guid":{"rendered":"https:\/\/projets.ex-situ.info\/etudesdulivre21\/?page_id=124"},"modified":"2021-07-14T12:12:17","modified_gmt":"2021-07-14T16:12:17","slug":"fauchie","status":"publish","type":"page","link":"https:\/\/projets.ex-situ.info\/etudesdulivre21\/liv1\/fauchie\/","title":{"rendered":"Antoine Fauchi\u00e9, \u00ab\u00a0D\u00e9ployer le livre \u00bb"},"content":{"rendered":"\n<div class=\"wp-block-columns is-layout-flex wp-container-core-columns-is-layout-28f84493 wp-block-columns-is-layout-flex\">\n<div class=\"wp-block-column is-layout-flow wp-block-column-is-layout-flow\" style=\"flex-basis:66.66%\">\n<h3 class=\"wp-block-heading\" id=\"module-1\">1. Introduction<\/h3>\n\n\n\n<p>D\u00e9ployer le livre. Voil\u00e0 une invitation adress\u00e9e \u00e0 toute personne d\u00e9sireuse de comprendre comment un texte devient une publication via l\u2019usage de processus issus du d\u00e9veloppement informatique. Nous nous proposons d\u2019explorer la question de la fabrication du livre dans ses multiples expressions.<\/p>\n\n\n\n<p>Les formes du livre n\u2019ont probablement jamais \u00e9t\u00e9 aussi multiples, un m\u00eame texte pouvant d\u00e9sormais avoir plusieurs art\u00e9facts diff\u00e9rents, homoth\u00e9tiques ou non. L\u2019\u00e9dition dans le vaste champ litt\u00e9raire conna\u00eet aujourd\u2019hui une forme d\u2019hybridation (<a href=\"#ludovico_2016\" target=\"_blank\" rel=\"noreferrer noopener\">Ludovico <em>&amp; al.<\/em>, 2016<\/a>). Le livre a d\u00e9sormais des formes plurielles, parall\u00e8les ou compl\u00e9mentaires, imprim\u00e9es ou num\u00e9riques, auxquelles nous nous sommes plus ou moins habitu\u00e9\u00b7e\u00b7s (<a href=\"#epron_2018\" target=\"_blank\" rel=\"noreferrer noopener\">Epron <em>&amp; al.<\/em>, 2018<\/a>)\u00a0: qu\u2019il s\u2019agisse d\u2019un livre imprim\u00e9 en offset, issu d\u2019un processus d\u2019impression \u00e0 la demande, diffus\u00e9 au format EPUB, disponible sous la forme d\u2019un <em>livre web<\/em> ou d\u2019un jeu de donn\u00e9es. Il est d\u00e9sormais techniquement possible de g\u00e9n\u00e9rer presque automatiquement les fichiers n\u00e9cessaires \u00e0 ces diff\u00e9rentes productions, gr\u00e2ce \u00e0 des programmes informatiques. Depuis une m\u00eame source, le livre se d\u00e9ploie. Ces pratiques d\u2019\u00e9dition num\u00e9rique sont multiples, ces mises en \u0153uvre m\u00e9ritent que nous nous y attardions, que nous les analysions.<\/p>\n\n\n\n<p>Le terme <em>d\u00e9ployer<\/em> est utilis\u00e9 dans le domaine du d\u00e9veloppement informatique pour signifier qu\u2019un programme est mis en application. il peut s\u2019agir autant d\u2019un site web que d\u2019un logiciel. Les lignes de code s\u2019activent selon des r\u00e8gles \u00e9tablies et dict\u00e9es. Ces nouvelles m\u00e9thodes de fabrication (<a href=\"#flusser_2002\" target=\"_blank\" rel=\"noreferrer noopener\">Flusser, 2002, p.\u00a057<\/a>) du livre doivent \u00eatre \u00e9tudi\u00e9es afin de comprendre quelles influences elles peuvent avoir sur les processus d\u2019\u00e9criture et de conception des textes (<a href=\"#audet_2015\" target=\"_blank\" rel=\"noreferrer noopener\">Audet, 2015<\/a>). Il ne s\u2019agit pas de la question de l\u2019automatisation en soit, mais plut\u00f4t de celle de l\u2019agencement des diff\u00e9rentes \u00e9tapes de ces d\u00e9ploiements et de la fa\u00e7on de les exprimer. Notre int\u00e9r\u00eat se porte sur les conditions d\u2019existence des art\u00e9facts, reflet d\u2019une certaine vision du monde.<\/p>\n\n\n\n<p>Plusieurs questions en lien avec l\u2019\u00e9dition num\u00e9rique tout autant que les pratiques litt\u00e9raires peuvent \u00eatre pos\u00e9es. Les scripts utilis\u00e9s pour d\u00e9ployer les livres sont-ils les nouveaux gestes \u00e9ditoriaux\u00a0? Viennent-ils remplacer les mains qui relient les pages, les muscles qui serrent la presse typographique, les doigts sur le clavier qui activent les fonctions d\u2019un logiciel, les algorithmes secrets des logiciels propri\u00e9taires\u00a0? \u00c0 travers une analyse des questions litt\u00e9raires, techniques et \u00e9ditoriales, et avec l\u2019aide de pr\u00e9sentations d\u2019initiatives \u00e9ditoriales autant que programmatiques, nous nous proposons d\u2019\u00e9tudier ces modalit\u00e9s de production et de diffusion des livres, \u00e0 la crois\u00e9e des \u00e9tudes du livre et des <em>critical code studies<\/em> (<a href=\"#marino_2020\" target=\"_blank\" rel=\"noreferrer noopener\">Marino, 2020<\/a>).<\/p>\n\n\n\n<p>Cette <em>communication<\/em> s\u2019inscrit dans le colloque <a href=\"https:\/\/projets.ex-situ.info\/etudesdulivre21\/\" target=\"_blank\" rel=\"noreferrer noopener\">\u00c9tudes du livre au XXI<sup>e<\/sup> si\u00e8cle<\/a> qui se d\u00e9roule progressivement pendant les mois de mars \u00e0 mai 2021. Cette entreprise s\u2019\u00e9tablit selon une recherche performative, les lignes que vous lisez sont elles aussi d\u00e9ploy\u00e9es, au fur et \u00e0 mesure, \u00e0 raison d\u2019un nouvel \u00e9pisode tous les jours ou tous les deux jours, entre le 10 et le 24 mars. Pour suivre les mises en ligne successives des fragments rendez-vous sur <a rel=\"noreferrer noopener\" href=\"https:\/\/deployer.quaternum.net\" target=\"_blank\">deployer.quaternum.net<\/a>.<\/p>\n\n\n\n<h3 class=\"wp-block-heading\">2. De quoi d\u00e9ployer est-il le nom ? [15 mars 2021]<\/h3>\n\n\n\n<p>D\u00e9ployer n\u2019est pas un terme courant dans le domaine de l\u2019\u00e9dition, m\u00eame num\u00e9rique, il est donc n\u00e9cessaire de comprendre le lien qui peut exister entre ce verbe transitif et le livre.<\/p>\n\n\n\n<p>\u00c0 lire ici : <a rel=\"noreferrer noopener\" href=\"https:\/\/deployer.quaternum.net\/#module-2\" target=\"_blank\">https:\/\/deployer.quaternum.net\/#module-2<\/a><\/p>\n\n\n\n<h3 class=\"wp-block-heading\" id=\"module-3\">3. Dessine-moi un d\u00e9ploiement continu [17 mars 2021]<\/h3>\n\n\n\n<p>Pour comprendre le fonctionnement du d\u00e9ploiement continu, d\u00e9crivons et sch\u00e9matisons les \u00e9tapes qui le constituent.<\/p>\n\n\n\n<p>\u00c0 lire ici : <a rel=\"noreferrer noopener\" href=\"https:\/\/deployer.quaternum.net\/#module-3\" target=\"_blank\" data-type=\"URL\" data-id=\"https:\/\/deployer.quaternum.net\/#module-3\">https:\/\/deployer.quaternum.net\/#module-3<\/a><\/p>\n\n\n\n<h3 class=\"wp-block-heading\" id=\"module-3\">4. Des livres d\u00e9ploy\u00e9s [22 mars 2021]<\/h3>\n\n\n\n<p>Comment le d\u00e9ploiement continu peut \u00eatre utilis\u00e9 pour fabriquer des livres&nbsp;?<\/p>\n\n\n\n<p>\u00c0 lire ici : <a rel=\"noreferrer noopener\" href=\"https:\/\/deployer.quaternum.net\/#module-4\" target=\"_blank\" data-type=\"URL\" data-id=\"https:\/\/deployer.quaternum.net\/#module-4\">https:\/\/deployer.quaternum.net\/#module-4<\/a><\/p>\n\n\n\n<h3 class=\"wp-block-heading\" id=\"module-3\">5. Les conditions du d\u00e9ploiement [25 mars 2021]<\/h3>\n\n\n\n<p>Choisir le d\u00e9ploiement continu pour fabriquer des livres implique des conditions pr\u00e9cises.<\/p>\n\n\n\n<p>\u00c0 lire ici : <a rel=\"noreferrer noopener\" href=\"https:\/\/deployer.quaternum.net\/#module-5\" target=\"_blank\" data-type=\"URL\">https:\/\/deployer.quaternum.net\/#module-5<\/a><\/p>\n\n\n\n<h3 class=\"wp-block-heading\" id=\"module-3\">6. Les \u00e9tapes du d\u00e9ploiement [29 mars 2021]<\/h3>\n\n\n\n<p>Observons les \u00e9tapes du d\u00e9ploiement dans le cas d\u2019un livre num\u00e9rique.<\/p>\n\n\n\n<p>\u00c0 lire ici : <a href=\"https:\/\/deployer.quaternum.net\/#module-6\" data-type=\"URL\" target=\"_blank\" rel=\"noreferrer noopener\">https:\/\/deployer.quaternum.net\/#module-6<\/a><\/p>\n\n\n\n<h3 class=\"wp-block-heading\">7. Vers une mod\u00e9lisation [6 avril 2021]<\/h3>\n\n\n\n<p>Et si le d\u00e9ploiement continu n\u2019\u00e9tait qu\u2019une mod\u00e9lisation technique de l\u2019\u00e9dition en tant que processus ?<\/p>\n\n\n\n<p>\u00c0 lire ici : <a rel=\"noreferrer noopener\" href=\"https:\/\/deployer.quaternum.net\/#module-7\" target=\"_blank\">https:\/\/deployer.quaternum.net\/#module-7<\/a><\/p>\n\n\n\n<p><br><\/p>\n\n\n\n<h2 class=\"wp-block-heading\" id=\"module-8\">R\u00e9f\u00e9rences<\/h2>\n\n\n\n<p><a name=\"audet_2015\"><\/a>Audet, R. (2015). \u00c9crire num\u00e9rique : du texte litt\u00e9raire entendu comme processus.<em> Itin\u00e9raires. Litt\u00e9rature, textes, cultures(2014-1)<\/em>. <a href=\"https:\/\/doi.org\/10.4000\/itineraires.2267\">https:\/\/doi.org\/10.4000\/itineraires.2267<\/a><\/p>\n\n\n\n<p><a name=\"bon_2011\"><\/a>Bon, F. (2011). <em>Apr\u00e8s le livre<\/em>. \u00c9ditions du Seuil. <\/p>\n\n\n\n<p><a name=\"bonnet_2017\"><\/a>Bonnet, G. (2017). <em>Pour une po\u00e9tique num\u00e9rique: litt\u00e9rature et internet<\/em>. Hermann. <\/p>\n\n\n\n<p><a name=\"epron_2018\"><\/a>Epron, B. &amp; Vitali-Rosati, M. (2018). <em>L\u2019\u00e9dition \u00e0 l\u2019\u00e8re num\u00e9rique<\/em>. La D\u00e9couverte. <a href=\"https:\/\/www.cairn.info\/l-edition-a-l-ere-numerique--9782707199355.htm\">https:\/\/www.cairn.info\/l-edition-a-l-ere-numerique&#8211;9782707199355.htm<\/a><\/p>\n\n\n\n<p><a name=\"flusser_2002\"><\/a>Flusser, V. (2002). <em>Petite philosophie du design<\/em>. Circ\u00e9. <\/p>\n\n\n\n<p><a name=\"guichard_2008\"><\/a>Guichard, \u00c9. (2008). <em>L\u2019\u00e9criture scientifique<\/em>. <a href=\"https:\/\/halshs.archives-ouvertes.fr\/halshs-00347616\/document\">https:\/\/halshs.archives-ouvertes.fr\/halshs-00347616\/document<\/a> <\/p>\n\n\n\n<p><a name=\"legendre_2019\"><\/a>Legendre, B. (2019). <em>Ce que le num\u00e9rique fait aux livres<\/em>. Presses universitaires de Grenoble. <a href=\"https:\/\/doi.org\/10.3917\/pug.legen.2019.01\">https:\/\/doi.org\/10.3917\/pug.legen.2019.01<\/a> <\/p>\n\n\n\n<p><a name=\"ludovico_2016\"><\/a>Ludovico, A. &amp; Cramer, F. (2016). <em>Post-digital print: la mutation de l\u2019\u00e9dition depuis 1894<\/em>. \u00c9ditions B42.<\/p>\n\n\n\n<p><a name=\"marino_2020\"><\/a>Marino, M. (2020). <em>Critical Code Studies<\/em>. MIT Press. <\/p>\n\n\n\n<p><a name=\"simondon_1958\"><\/a>Simondon, G. (1958). <em>Du mode d\u2019existence des objets techniques<\/em>. Aubier [2012].<\/p>\n<\/div>\n\n\n\n<div class=\"wp-block-column is-layout-flow wp-block-column-is-layout-flow\" style=\"flex-basis:33.33%\">\n<h3 class=\"wp-block-heading\">Antoine Fauchi\u00e9<\/h3>\n\n\n\n<div class=\"wp-block-image\"><figure class=\"alignright size-large is-resized\"><img decoding=\"async\" src=\"https:\/\/projets.ex-situ.info\/etudesdulivre21\/wp-content\/uploads\/sites\/4\/2021\/02\/fauchie-antoine-nb-02.jpg\" alt=\"\" class=\"wp-image-125\" width=\"200\" srcset=\"https:\/\/projets.ex-situ.info\/etudesdulivre21\/wp-content\/uploads\/sites\/4\/2021\/02\/fauchie-antoine-nb-02.jpg 800w, https:\/\/projets.ex-situ.info\/etudesdulivre21\/wp-content\/uploads\/sites\/4\/2021\/02\/fauchie-antoine-nb-02-300x300.jpg 300w, https:\/\/projets.ex-situ.info\/etudesdulivre21\/wp-content\/uploads\/sites\/4\/2021\/02\/fauchie-antoine-nb-02-150x150.jpg 150w, https:\/\/projets.ex-situ.info\/etudesdulivre21\/wp-content\/uploads\/sites\/4\/2021\/02\/fauchie-antoine-nb-02-768x768.jpg 768w\" sizes=\"(max-width: 800px) 100vw, 800px\" \/><\/figure><\/div>\n\n\n\n<p class=\"bio\">Antoine Fauchi\u00e9 est actuellement doctorant au D\u00e9partement des litt\u00e9ratures de langue fran\u00e7aise \u00e0 l\u2019Universit\u00e9 de Montr\u00e9al, sous la direction de Marcello Vitali-Rosati et Michael Eberle-Sinatra, et responsable de projets \u00e0 la <a href=\"https:\/\/ecrituresnumeriques.ca\/fr\/\" target=\"_blank\" rel=\"noreferrer noopener\">Chaire de recherche du Canada sur les \u00e9critures num\u00e9riques<\/a>.<\/p>\n\n\n\n<p class=\"bio\">Apr\u00e8s avoir accompagn\u00e9 les professionnels du livre en Rh\u00f4ne-Alpes en France sur les questions num\u00e9riques pendant pr\u00e8s de 10 ans, il r\u00e9alise un travail de recherche sur les processus de publication et leur influence sur les pratiques d\u2019\u00e9criture. Avant d&rsquo;entamer une th\u00e8se \u00e0 Montr\u00e9al, Antoine Fauchi\u00e9 a d\u00e9velopp\u00e9 une pratique professionnelle en tant que consultant ind\u00e9pendant en \u00e9dition num\u00e9rique et en tant qu\u2019enseignant \u00e0 l\u2019IUT2 de Grenoble en sciences de l\u2019information.<\/p>\n<\/div>\n<\/div>\n\n\n\n<p>Vous avez aim\u00e9 cette communication scientifique? D\u00e9couvrez les autres de cette <a href=\"https:\/\/projets.ex-situ.info\/etudesdulivre21\/liv1\/\">premi\u00e8re livraison<\/a>.<\/p>\n","protected":false},"excerpt":{"rendered":"<p>1. Introduction D\u00e9ployer le livre. Voil\u00e0 une invitation adress\u00e9e \u00e0 toute personne d\u00e9sireuse de comprendre comment un texte devient une publication via l\u2019usage de processus issus du d\u00e9veloppement informatique. Nous nous proposons d\u2019explorer la question de la fabrication du livre dans ses multiples expressions. Les formes du livre n\u2019ont probablement jamais \u00e9t\u00e9 aussi multiples, un &#8230; <a title=\"Antoine Fauchi\u00e9, \u00ab\u00a0D\u00e9ployer le livre \u00bb\" class=\"read-more\" href=\"https:\/\/projets.ex-situ.info\/etudesdulivre21\/liv1\/fauchie\/\" aria-label=\"En savoir plus sur Antoine Fauchi\u00e9, \u00ab\u00a0D\u00e9ployer le livre \u00bb\">Lire la suite<\/a><\/p>\n","protected":false},"author":2,"featured_media":0,"parent":16,"menu_order":0,"comment_status":"closed","ping_status":"closed","template":"","meta":{"footnotes":""},"class_list":["post-124","page","type-page","status-publish"],"_links":{"self":[{"href":"https:\/\/projets.ex-situ.info\/etudesdulivre21\/wp-json\/wp\/v2\/pages\/124","targetHints":{"allow":["GET"]}}],"collection":[{"href":"https:\/\/projets.ex-situ.info\/etudesdulivre21\/wp-json\/wp\/v2\/pages"}],"about":[{"href":"https:\/\/projets.ex-situ.info\/etudesdulivre21\/wp-json\/wp\/v2\/types\/page"}],"author":[{"embeddable":true,"href":"https:\/\/projets.ex-situ.info\/etudesdulivre21\/wp-json\/wp\/v2\/users\/2"}],"replies":[{"embeddable":true,"href":"https:\/\/projets.ex-situ.info\/etudesdulivre21\/wp-json\/wp\/v2\/comments?post=124"}],"version-history":[{"count":19,"href":"https:\/\/projets.ex-situ.info\/etudesdulivre21\/wp-json\/wp\/v2\/pages\/124\/revisions"}],"predecessor-version":[{"id":511,"href":"https:\/\/projets.ex-situ.info\/etudesdulivre21\/wp-json\/wp\/v2\/pages\/124\/revisions\/511"}],"up":[{"embeddable":true,"href":"https:\/\/projets.ex-situ.info\/etudesdulivre21\/wp-json\/wp\/v2\/pages\/16"}],"wp:attachment":[{"href":"https:\/\/projets.ex-situ.info\/etudesdulivre21\/wp-json\/wp\/v2\/media?parent=124"}],"curies":[{"name":"wp","href":"https:\/\/api.w.org\/{rel}","templated":true}]}}