{"id":115,"date":"2021-02-25T14:29:58","date_gmt":"2021-02-25T19:29:58","guid":{"rendered":"https:\/\/projets.ex-situ.info\/etudesdulivre21\/?page_id=115"},"modified":"2021-07-14T11:23:44","modified_gmt":"2021-07-14T15:23:44","slug":"liv5","status":"publish","type":"page","link":"https:\/\/projets.ex-situ.info\/etudesdulivre21\/liv5\/","title":{"rendered":"Cinqui\u00e8me livraison (5 mai)"},"content":{"rendered":"\n<p>Quatre pr\u00e9sentations composent cette cinqui\u00e8me et derni\u00e8re livraison du colloque \u00c9tudes du livre au XXI<sup>e<\/sup> si\u00e8cle:<\/p>\n\n\n\n<ul class=\"wp-block-list\"><li>Joanie Grenier, Universit\u00e9 de Sherbrooke<br>\u00ab <a href=\"https:\/\/projets.ex-situ.info\/etudesdulivre21\/liv5\/grenier\/\" data-type=\"page\" data-id=\"377\" target=\"_blank\" rel=\"noreferrer noopener\">Mesurer la d\u00e9couvrabilit\u00e9 du livre qu\u00e9b\u00e9cois en ligne : m\u00e9thodologie d\u00e9velopp\u00e9e et premiers r\u00e9sultats de recherche<\/a> \u00bb<\/li><li>Emmanuelle Lescouet, Universit\u00e9 de Montr\u00e9al<br>\u00ab <a rel=\"noreferrer noopener\" href=\"https:\/\/projets.ex-situ.info\/etudesdulivre21\/liv5\/lescouet\/\" data-type=\"page\" data-id=\"380\" target=\"_blank\">La notifiction : ancrer le livre dans le quotidien<\/a> \u00bb<\/li><li>St\u00e9phanie Parmentier, IMSIC (Aix-Marseille Universit\u00e9)<br>\u00ab <a rel=\"noreferrer noopener\" href=\"https:\/\/projets.ex-situ.info\/etudesdulivre21\/liv5\/parmentier\/\" data-type=\"page\" data-id=\"385\" target=\"_blank\">Les livres du XXI<sup>e<\/sup> si\u00e8cle seront sur Wattpad, KDP ou TikToK ou ne seront pas ?<\/a> \u00bb<\/li><li>Sara Vergari, Aix-Marseille Universit\u00e9<br>\u00ab <a rel=\"noreferrer noopener\" href=\"https:\/\/projets.ex-situ.info\/etudesdulivre21\/liv5\/vergari\/\" data-type=\"page\" data-id=\"401\" target=\"_blank\">La d\u00e9mat\u00e9rialisation de l\u2019\u00e9dition de po\u00e9sie. Diffusion num\u00e9rique et critique litt\u00e9raire : le dialogue est-il possible&nbsp;?<\/a> \u00bb<\/li><\/ul>\n\n\n\n<p>D\u00e9couvrez les communications des livraisons pr\u00e9c\u00e9dentes et suivantes :<\/p>\n\n\n\n<ul class=\"wp-block-list\"><li><a href=\"https:\/\/projets.ex-situ.info\/etudesdulivre21\/liv1\/\" target=\"_blank\" rel=\"noreferrer noopener\">Premi\u00e8re livraison<\/a><\/li><li><a href=\"https:\/\/projets.ex-situ.info\/etudesdulivre21\/liv2\/\" target=\"_blank\" rel=\"noreferrer noopener\">Deuxi\u00e8me livraison<\/a><\/li><li><a href=\"https:\/\/projets.ex-situ.info\/etudesdulivre21\/liv3\/\" target=\"_blank\" rel=\"noreferrer noopener\">Troisi\u00e8me livraison<\/a><\/li><li><a href=\"https:\/\/projets.ex-situ.info\/etudesdulivre21\/liv4\/\" target=\"_blank\" rel=\"noreferrer noopener\">Quatri\u00e8me livraison<\/a><\/li><\/ul>\n","protected":false},"excerpt":{"rendered":"<p>Quatre pr\u00e9sentations composent cette cinqui\u00e8me et derni\u00e8re livraison du colloque \u00c9tudes du livre au XXIe si\u00e8cle: Joanie Grenier, Universit\u00e9 de Sherbrooke\u00ab Mesurer la d\u00e9couvrabilit\u00e9 du livre qu\u00e9b\u00e9cois en ligne : m\u00e9thodologie d\u00e9velopp\u00e9e et premiers r\u00e9sultats de recherche \u00bb Emmanuelle Lescouet, Universit\u00e9 de Montr\u00e9al\u00ab La notifiction : ancrer le livre dans le quotidien \u00bb St\u00e9phanie Parmentier, &#8230; <a title=\"Cinqui\u00e8me livraison (5 mai)\" class=\"read-more\" href=\"https:\/\/projets.ex-situ.info\/etudesdulivre21\/liv5\/\" aria-label=\"En savoir plus sur Cinqui\u00e8me livraison (5 mai)\">Lire la suite<\/a><\/p>\n","protected":false},"author":2,"featured_media":0,"parent":0,"menu_order":0,"comment_status":"closed","ping_status":"closed","template":"","meta":{"footnotes":""},"class_list":["post-115","page","type-page","status-publish"],"_links":{"self":[{"href":"https:\/\/projets.ex-situ.info\/etudesdulivre21\/wp-json\/wp\/v2\/pages\/115","targetHints":{"allow":["GET"]}}],"collection":[{"href":"https:\/\/projets.ex-situ.info\/etudesdulivre21\/wp-json\/wp\/v2\/pages"}],"about":[{"href":"https:\/\/projets.ex-situ.info\/etudesdulivre21\/wp-json\/wp\/v2\/types\/page"}],"author":[{"embeddable":true,"href":"https:\/\/projets.ex-situ.info\/etudesdulivre21\/wp-json\/wp\/v2\/users\/2"}],"replies":[{"embeddable":true,"href":"https:\/\/projets.ex-situ.info\/etudesdulivre21\/wp-json\/wp\/v2\/comments?post=115"}],"version-history":[{"count":5,"href":"https:\/\/projets.ex-situ.info\/etudesdulivre21\/wp-json\/wp\/v2\/pages\/115\/revisions"}],"predecessor-version":[{"id":488,"href":"https:\/\/projets.ex-situ.info\/etudesdulivre21\/wp-json\/wp\/v2\/pages\/115\/revisions\/488"}],"wp:attachment":[{"href":"https:\/\/projets.ex-situ.info\/etudesdulivre21\/wp-json\/wp\/v2\/media?parent=115"}],"curies":[{"name":"wp","href":"https:\/\/api.w.org\/{rel}","templated":true}]}}